 l. What is q(j)?
22
Suppose -2*v = -5*s + v - 547, -v - 1 = 0. Suppose 0 = 2*g - 53*b + 48*b - 234, 5*g = b + 562. Let c = g + s. Let q(l) = 3*l**2 + l - 1. Calculate q(c).
13
Let m be (-4)/(-10)*(-95)/(-38). Let k(l) = -l**2 - 6*l**3 - 5*l**3 + 15*l**3 - 3*l**3 - 9*l**3. Determine k(m).
-9
Let m(t) = 2*t**2 + 9*t - 6. Let b = -56 + 61. Let d be m(b). Let p = d + -95. Let w(h) = h + 6. Determine w(p).
0
Let b = -59 - -63. Let t(p) be the third derivative of -2*p - 5/6*p**3 + 0 + 1/120*p**6 - 1/20*p**5 - 8*p**2 + 0*p**4. What is t(b)?
11
Let d(x) = x**3 - 4*x**2 - 17*x + 30. Suppose -2*s + 2*n + 4 = 0, -4*n + 22 = 431*s - 430*s. What is d(s)?
0
Let u(c) = c**3 + 2*c**2 - c - 11. Let m be u(2). Suppose -4*a + 2*g + 2*g = 8, -3*a - m = -2*g. Let t(i) = 19*i - 2. What is t(a)?
17
Let o(b) = 4*b. Let h = 53 + -53. Suppose 2*l + 3*l = h, -4*s + 16 = l. Let t be (-2 - 2) + (-3 + s - -5). Calculate o(t).
8
Let x(z) be the first derivative of z**2 + 488. Let a(b) = -19*b**3 + b**2 + b - 1. Let t be a(1). Let i = t + 20. Give x(i).
4
Let q(y) = 6*y**3 - 9*y**2 + y - 7. Let m(j) = 5*j**3 - 7*j**2 + j - 5. Let g(r) = -5*m(r) + 4*q(r). Calculate g(-3).
18
Suppose 5*x = 9*x + 6*x. Suppose 2*u = -4*r + 14, x*r + 2*r = -2. Let z(i) = -1 + 0 + 4 - 4 + u*i**3. Calculate z(1).
8
Suppose 3*f - 10 = 3*d - 67, 4*d + 4*f = 36. Let a be -4 - ((-10)/(-4) - 77/d). Let b(c) = 4*c - 3. Calculate b(a).
-7
Let g(m) = 339925*m + 27 - 18 - 339923*m + m**3 - 12*m**2 - 22. Suppose 48 = 6*r - 2*r. Give g(r).
11
Let q be (-74)/4*(-8)/(-20)*5. Let x = -37 - q. Suppose x = -3*h + 3*k - 25 - 2, -2*k = -h - 14. Let t(f) = f**2 + 3*f - 5. Give t(h).
-1
Let y(m) = -3*m - 4. Let c(u) = -u**3 - u**2 + 5*u + 1. Let l be (-91)/21 - ((-1)/3)/1. Let q be c(l). Suppose -q*o = -25*o + 16. Determine y(o).
8
Suppose 3072 + 3718 = -5*p. Let h be 2/(-19) + p/(-266). Let f(w) = w - 7. What is f(h)?
-2
Let c be 7*-1*76/(-133). Suppose -2*u - 4 = -2*b, -2*u + c = 2*b - u. Let l(g) = 5 + 13 + g**b + 8*g - 19. What is l(-5)?
-16
Suppose -25*z - 10*z = 31920. Let v be (-3)/((-45)/(-6)) + z/120. Let a(q) = -q. Determine a(v).
8
Let h = 1168 - 1159. Let u(z) = z**3 - 10*z**2 + 9*z - 7. Determine u(h).
-7
Let m(w) = -3*w**2 - 1. Let l be m(1). Let i(o) = 47 + 46 - 4*o - 548 + 451. Calculate i(l).
12
Let y(z) be the first derivative of 2*z**3/3 - z**2/2 + 74. Let j(x) = 8*x**2 - 4*x - 2. Let i(w) = j(w) - 5*y(w). Give i(-2).
-12
Suppose -38*z = -49*z + 165. Suppose -o + 4*o + 33 = -5*x, 5*x = -z. Let k(h) be the first derivative of h**2/2 + 5*h - 1. What is k(o)?
-1
Suppose 2*c + 6*s - 5*s - 3 = 0, 0 = c + 5*s + 3. Let m(i) = -4 - 6*i - c + 778*i**2 - 777*i**2. Calculate m(8).
10
Let n(d) = -d**2 + 5*d + 16. Suppose 209*t + 318 = 210*t. Suppose 3*p - 339 = -t. What is n(p)?
2
Let u(c) = -c**2 + 5*c + 4. Let o be 1/(-1) + 2 - 7/(-7). Suppose -3*r + o = -10. Suppose j = 2*i + 9, -5*j + 1 + 2 = r*i. Give u(j).
10
Let o(y) = -16*y - 59. Let z(c) = -20*c - 58. Let w(d) = -4*o(d) + 3*z(d). Calculate w(-14).
6
Let y(m) be the first derivative of m**4/2 + 11*m**3/3 + 3*m**2 + 6*m + 35. Let f = 1267 + -1272. Determine y(f).
1
Let o(s) = 22*s - 7. Let d(y) = -7*y + 2. Suppose -2*g + 9 + 15 = 4*m, 3*g + 13 = m. Let c(j) = m*d(j) + 2*o(j). Let t = 6168 - 6170. Calculate c(t).
10
Suppose 4*y - 7 = 5. Let r(z) = -z + 1061 - 1049 + y*z. Give r(-9).
-6
Let j(c) = 10*c**3 + 18*c**2 + 15*c - 2. Let g = 187 + -180. Let f(p) = 4 - 12*p**2 - 10*p - 2 - 7*p**3 - 1. Let d(a) = g*f(a) + 5*j(a). Give d(-5).
-3
Let a(o) = -12*o - 152. Let p(m) = m + 23. Let n(w) = -a(w) - 6*p(w). Determine n(0).
14
Let b = -231 + 233. Suppose -4*v + 21 - 17 = 0, -4*v + 14 = b*h. Let a(o) = o**3 - 5*o**2 + o - 6. Determine a(h).
-1
Let h(g) be the third derivative of -g**6/120 - g**5/60 + g**4/8 - g**3/6 - 2*g**2. Let b = -49673 + 49675. Give h(b).
-7
Suppose 0 = -w - s + 17, -4*w + 55 = s - 7. Suppose 2*c = -5*i + 6, 0 = 5*c - 4*i + 2*i - w. Let d(j) = -j**3 - 4 + 7*j**2 - c*j - 2*j + 12. Determine d(6).
14
Let w(z) = z**2 + 14*z + 9. Suppose 12 = -3*b, 0*b - 11 = d - 2*b. Let l(r) = r + 6. Let k be l(d). Determine w(k).
-4
Let t(w) = -14*w**2 + 74*w - 154*w - 1 + 81*w. Let o(j) = -2*j**2 + 2*j + 13. Let r be o(-6). Let p = -70 - r. What is t(p)?
-14
Let q(a) be the first derivative of -a**3/3 + 5*a**2/2 + 4*a - 2702. Let i(z) = 6*z**2 + z. Let l be i(-1). What is q(l)?
4
Let c = 78 - 181. Let l = 111 + c. Let m(t) = -t + 9. Give m(l).
1
Let f(s) = -5*s**3 + 99*s**2 - 6*s + 9. Let h(d) = 21*d**3 - 419*d**2 + 25*d - 36. Let w(a) = -17*f(a) - 4*h(a). Determine w(6).
-33
Let k(f) = 2*f**3 + f**2 + 2*f + 64. Let n be k(0). Suppose 71*p - n*p + 399 = 0. Let d = p + 55. Let l(i) = 4*i**2 + i + 2. What is l(d)?
16
Let x(g) = 2*g + 4. Let a(m) = -6 - 2*m**3 + 12 + 9*m**2 - 5*m - 12 + m**3. Let s be a(8). Suppose -2*j - 6 = -s. Give x(j).
16
Let u(v) be the second derivative of -1/24*v**4 + 0 - 10*v**2 - 2*v - v**3. Let d(h) be the first derivative of u(h). What is d(-6)?
0
Let u(y) be the second derivative of -2*y**3 + 38*y**2 + 3*y + 1. Calculate u(7).
-8
Let p(q) = -15 - 1755*q + 15 + 1774*q. What is p(3)?
57
Let s(c) be the second derivative of -c**6/360 - c**5/30 + 3*c**4 - c**2 + 2*c - 97. Let q(y) be the third derivative of s(y). Determine q(-7).
10
Let u(m) = 4*m**2 - 4*m + 29. Suppose -2*z - 10 = -6. Let h(x) = 3*x**2 - 3*x + 28. Let t(r) = z*u(r) + 3*h(r). What is t(0)?
26
Let l = 169 + -170. Let t(x) = -5*x - 3. Let f(j) = 10*j + 5. Let s(u) = 4*f(u) + 7*t(u). Let v(d) = -9*d + 3. Let o(h) = -5*s(h) - 2*v(h). What is o(l)?
6
Let i(o) = o**3 + 8*o**2 + 13*o + 10. Let n(l) = -l**3 - 50*l**2 - 85*l + 522. Let h be n(-48). What is i(h)?
4
Let v(z) = -6*z**3 + 54 - 528*z**2 + 1566*z**2 - 527*z**2 - 544*z**2 + 31*z + 7*z**3. Calculate v(32).
22
Suppose -a + 29 = 4*w, -a - 3*w = -0*a - 24. Suppose a*b + 17 = 8. Let r(p) be the second derivative of -p**3 - p. Give r(b).
6
Let x(b) be the third derivative of -1/24*b**4 + 2*b + 1/60*b**5 - 5*b**2 + 1/6*b**3 + 0. Calculate x(3).
7
Let a(f) be the first derivative of f**4/4 + 3*f**3 - 4*f**2 + 9*f + 66. Let z = -316 + 306. Give a(z).
-11
Let f = -113 + 163. Suppose -2*t = b - 4, 5*b - 10 + f = 2*t. Let m(c) = -c**3 - 6*c**2 + 5. Determine m(b).
5
Let y(w) = -w**2 - 3*w + 20. Let o be y(-6). Let g(l) = 23 - o*l**2 - l**3 - 24 + 4*l**2. What is g(1)?
0
Suppose 4*n = -5*s + 27, 82 + 17 = 3*n - 5*s. Let k(w) = -w**2 + 2*w + 303. Calculate k(n).
15
Suppose 0 = 6*j - 8*j. Let s be 62 + 0/(-1 + j/2). Let x(h) = 6*h - h**3 - 7*h**2 - s + 2*h + 55. What is x(-8)?
-7
Let a(v) = 13*v**2 + 3*v - 5. Let h(j) = -12*j**2 - 2*j + 4. Let f = -68 - -64. Let q(i) = f*a(i) - 5*h(i). Determine q(2).
28
Let i(l) = 3*l**2 - 51*l + 119. Let h(v) = 40*v**2 - 664*v + 1559. Let c(u) = -2*h(u) + 27*i(u). Determine c(47).
1
Let j(a) = 26*a - 144. Let f(s) = -5*s + 32. Let w(t) = -11*f(t) - 2*j(t). What is w(19)?
-7
Let t(l) = -3*l + 43. Suppose 16 = -k + 2*s + 14, -3*s + 3 = 2*k. Calculate t(k).
43
Let x be (-10)/9*(-18 - -21)*(2 - 5). Let j(k) = -32*k + 322. What is j(x)?
2
Let q(h) = -12*h + 4. Let d be q(4). Let u be d/55*5/(-2) + 5. Let i(g) = -g**2 + 5*g + 9. Calculate i(u).
-5
Let q(z) = 7*z + 28. Suppose -3*y + 8 = 5*o, -106 = -2*y + 2*o - 122. Calculate q(y).
0
Let r(h) = 5*h**2 - 2*h - 14. Let n(c) = -53*c**2 + 26*c**2 - c + 26*c**2 + 2. Let i(t) = 4*n(t) + r(t). Calculate i(6).
-6
Let b(d) = 61*d - 124. Let v(w) = 18*w - 36. Let t(z) = -5*b(z) + 17*v(z). Determine t(0).
8
Let g = -597 - -598. Suppose 3*v + 3 = -3*o, 18*o = 17*o + v - g. Let d(k) = -3*k - 1. Determine d(o).
2
Suppose -8*l = -5*l - 4*z + 8, 6 = -4*l + 3*z. Let v(f) = 2*f**3 + 2*f**2 - 2*f + 9. Calculate v(l).
9
Let i(p) = p. Let s(q) be the first derivative of q**4/4 + 6*q**3 + 17*q**2/2 + 5*q - 98. Let f = -22 + 5. Let m be s(f). Determine i(m).
5
Let r(w) = -12*w - 2*w - 4 + 16*w + 7*w**2 - w**3. Determine r(6).
44
Let z(j) = -j + 9*j**2 - 8*j**2 + 6 - 5 + 4. Suppose -3*k - 44 = -5. Let n = -13 - k. Calculate z(n).
5
Let w(k) be the second derivative of -k**3/3 + 5*k**2 - 38*k + 85. What is w(-3)?
16
Let t(u) = 100*u - 233*u - u**3 + 6 + 120*u - 1 - 13*u**2. Suppose -2*a - 3*q = q + 16, 2*q = 5*a + 64. What is t(a)?
17
Suppose -5477 = 21*i - 5603. Let t(